65217 is divided by 4677329.
5
Calculate the remainder when 388930 is divided by 3969.
3937
What is the remainder when 54659429 is divided by 105?
104
What is the remainder when 1496760 is divided by 383?
379
Calculate the remainder when 2278442 is divided by 455623.
327
What is the remainder when 160519 is divided by 647?
63
Calculate the remainder when 75404160 is divided by 15264.
0
What is the remainder when 3720179 is divided by 60?
59
What is the remainder when 6763360 is divided by 45?
40
What is the remainder when 68603 is divided by 147?
101
Calculate the remainder when 15945755 is divided by 318915.
5
What is the remainder when 268119 is divided by 6290?
3939
What is the remainder when 3461306 is divided by 101?
36
Calculate the remainder when 93250 is divided by 1216.
834
Calculate the remainder when 895515569 is divided by 6971.
6967
Calculate the remainder when 29755 is divided by 2941.
345
Calculate the remainder when 6034411 is divided by 107.
39
Calculate the remainder when 921376 is divided by 306373.
2257
What is the remainder when 4174017 is divided by 1554?
1527
What is the remainder when 8814 is divided by 513?
93
Calculate the remainder when 2327538 is divided by 130.
18
Calculate the remainder when 238725 is divided by 63.
18
What is the remainder when 55982446 is divided by 48?
46
What is the remainder when 2017447 is divided by 38797?
3
Calculate the remainder when 2322933637 is divided by 12878.
12875
Calculate the remainder when 124337 is divided by 948.
149
What is the remainder when 59697 is divided by 55913?
3784
Calculate the remainder when 773373 is divided by 13334.
1
Calculate the remainder when 4699537 is divided by 45626.
59
Calculate the remainder when 136849853 is divided by 1535.
1533
What is the remainder when 250507 is divided by 22?
15
Calculate the remainder when 472422 is divided by 3922.
1782
What is the remainder when 22879607 is divided by 34?
21
What is the remainder when 444822 is divided by 3011?
2205
What is the remainder when 14059301 is divided by 44073?
14
What is the remainder when 174797 is divided by 43635?
257
Calculate the remainder when 1058282 is divided by 351728.
3098
Calculate the remainder when 726157 is divided by 110.
47
What is the remainder when 434147 is divided by 373?
348
What is the remainder when 90688 is divided by 488?
408
What is the remainder when 26255434 is divided by 50?
34
What is the remainder when 8653396 is divided by 663?
583
What is the remainder when 34079300 is divided by 19?
7
Calculate the remainder when 18230353 is divided by 715.
713
What is the remainder when 1636212 is divided by 409030?
92
Calculate the remainder when 1677061 is divided by 43.
18
Calculate the remainder when 539342 is divided by 2161.
1253
What is the remainder when 426299 is divided by 259?
244
Calculate the remainder when 49267739 is divided by 34.
5
Calculate the remainder when 1951390 is divided by 577.
553
What is the remainder when 458582 is divided by 76?
74
Calculate the remainder when 2005140 is divided by 1664.
20
Calculate the remainder when 136049 is divided by 336.
305
Calculate the remainder when 416118 is divided by 797.
84
What is the remainder when 3479459 is divided by 25032?
11
Calculate the remainder when 86817 is divided by 1668.
81
What is the remainder when 2134762 is divided by 702?
682
Calculate the remainder when 26502847 is divided by 10.
7
Calculate the remainder when 735979 is divided by 302.
5
What is the remainder when 66526043 is divided by 673?
666
Calculate the remainder when 2957494 is divided by 700.
694
What is the remainder when 4053423 is divided by 184246?
11
What is the remainder when 12350180 is divided by 7526?
14
What is the remainder when 449380654 is divided by 2690?
14
Calculate the remainder when 2005911 is divided by 1101.
990
What is the remainder when 3227536 is divided by 4664?
48
What is the remainder when 6081 is divided by 1039?
886
Calculate the remainder when 52430 is divided by 482.
374
What is the remainder when 80985904 is divided by 26995295?
19
Calculate the remainder when 2044 is divided by 709.
626
What is the remainder when 301865 is divided by 21532?
417
What is the remainder when 14991912 is divided by 7495896?
120
What is the remainder when 194704943 is divided by 1428?
1427
What is the remainder when 18062896 is divided by 16834?
14
Calculate the remainder when 256064 is divided by 15044.
316
Calculate the remainder when 4369237 is divided by 607.
51
What is the remainder when 1107219 is divided by 368327?
2238
Calculate the remainder when 19559454 is divided by 32.
30
What is the remainder when 137269 is divided by 1933?
26
What is the remainder when 4041113 is divided by 9978?
23
What is the remainder when 12700706 is divided by 527?
6
What is the remainder when 2872223 is divided by 88?
79
Calculate the remainder when 719170 is divided by 101.
50
Calculate the remainder when 6879855 is divided by 130.
125
What is the remainder when 99222304 is divided by 4414?
4412
What is the remainder when 4313451 is divided by 1564?
1503
Calculate the remainder when 599446 is divided by 39957.
91
Calculate the remainder when 578072 is divided by 64117.
1019
What is the remainder when 1452572 is divided by 484182?
26
What is the remainder when 18932783 is divided by 33?
23
Calculate the remainder when 116124 is divided by 6.
0
Calculate the remainder when 4729437 is divided by 175164.
9
Calculate the remainder when 864421 is divided by 172799.
426
Calculate the remainder when 17937237 is divided by 12526.
5
What is the remainder when 713169 is divided by 1463?
688
Calculate the remainder when 149352 is divided by 341.
335
Calculate the remainder when 3188580 is divided by 18.
6
Calculate the remainder when 248228 is divided by 248216.
12
Calculate the remainder when 1212625 is divided by 14788.
9
Calculate the remainder when 12110396 is divided by 6.
2
What is the remainder when 19910015 is divided by 112?
111
What is the remainder when 8247 is divided by 33?
30
What is the remainder when 330561599 is divided by 600?
599
Calculate the remainder when 2375531 is divided by 92.
91
What is the remainder when 4756666 is divided by 1163?
1159
What is the remainder when 678432 is divided by 169594?
56
Calculate the remainder when 4056860 is divided by 1352224.
188
Calculate the remainder when 573015 is divided by 5018.
963
What is the remainder when 4037608 is divided by 13549?
6
What is the remainder when 9008118 is divided by 71?
64
What is the remainder when 908074 is divided by 18161?
24
Calculate the remainder when 3119738 is divided by 13.
11
What is the remainder when 643364 is divided by 6891?
2501
Calculate the remainder when 100832 is divided by 20.
12
Calculate the remainder when 245898 is divided by 12888.
1026
Calculate the remainder when 97559529 is divided by 238.
235
Calculate the remainder when 1794777 is divided by 320.
217
Calculate the remainder when 387272 is divided by 2093.
67
What is the remainder when 198247 is divided by 80?
7
Calculate the remainder when 6518144 is divided by 273.
269
Calculate the remainder when 175304 is divided by 3845.
2279
What is the remainder when 3056505 is divided by 509414?
21
What is the remainder when 86235546 is divided by 28745179?
9
Calculate the remainder when 857654 is divided by 50313.
2333
What is the remainder when 175542697 is divided by 10381?
10368
Calculate the remainder when 1788284 is divided by 1189.
28
Calculate the remainder when 368000 is divided by 61090.
1460
What is the remainder when 4805853 is divided by 902?
899
What is the remainder when 589997 is divided by 241?
29
Calculate the remainder when 4534021 is divided by 2582.
29
Calculate the remainder when 81504 is divided by 321.
291
Calculate the remainder when 116231 is divided by 57975.
281
What is the remainder when 1869538 is divided by 5903?
4190
Calculate the remainder when 33375539 is divided by 125002.
5
What is the remainder when 40648884 is divided by 1137?
1134
What is the remainder when 4020536 is divided by 684?
668
What is the remainder when 67609773 is divided by 97?
94
Calculate the remainder when 3022 is divided by 234.
214
Calculate the remainder when 487437 is divided by 726.
291
W